 (-4 + 11)). Let p = n + 2. Calculate the greatest common divisor of p and 385.
35
Let g(m) = -41*m - 70. Let r be g(-3). Calculate the greatest common factor of 106 and r.
53
Let q = 263 - 198. Let v = 66 + -40. Calculate the highest common factor of q and v.
13
Let u = -4 + 10. Let g = 11 - 9. Suppose g*d = -0 + 2, d = v - 53. What is the greatest common divisor of v and u?
6
Suppose 227*k - 46 = 225*k. What is the highest common factor of k and 989?
23
Let x be (-33 - 0)/(6/(-32)). Let q be 257/7 - (-1)/((-21)/(-6)). Let o = 53 - q. Calculate the highest common factor of x and o.
16
Let w(h) = 49*h - 1. Let c be w(3). Suppose -3*p = -7*p + 16, 5*z + c = -p. Let i be 36/z*200/(-6). What is the highest common factor of i and 10?
10
Let d(t) = -324*t - 76. Let n be d(-3). Calculate the greatest common divisor of n and 14.
14
Let s be (-4)/(-3)*(3 + 39). Suppose -4*h = 4*m - s, 2*h = -3*m + 28 + 2. What is the greatest common factor of h and 132?
12
Suppose -32*x + 13467 = 5467. Calculate the highest common divisor of x and 400.
50
Let w = 59 + -54. Let j be -1 + 222*2/4. Suppose -p = p - j. Calculate the highest common factor of w and p.
5
Let g = 375 + -356. What is the greatest common divisor of g and 1?
1
Let k(y) = 3*y**2 - 5*y - 14. Let m be k(-5). What is the greatest common divisor of m and 301?
43
Let i(p) = 6*p + 3. Suppose -5*a + b + 61 = 0, -5*a + 0*b + 58 = 2*b. Let t be i(a). Let h = t - 35. Calculate the highest common factor of 8 and h.
8
Let o(w) = -w**3 - 10*w**2 + 6. Let u = -89 + 129. Suppose -2*h - 2*h = u. Let r be o(h). What is the highest common factor of r and 6?
6
Let r be (-6)/9 - 47/(-3). Suppose -5*z = -0*z - r. What is the highest common factor of z and 18?
3
Let b be 3*(67/3 - -1). Let x(h) = -h**3 + h**2 + 12*h - 8. Let m be x(3). Calculate the highest common factor of m and b.
10
Let x = 8819 - 4121. Calculate the highest common divisor of x and 58.
58
Let k = 38 + -12. Suppose x = -0*n + n + k, -n - 4 = 0. What is the greatest common factor of 88 and x?
22
Let r(s) = -s**3 - 3*s + 13*s**2 + 5*s - 181 + 162. Let m be r(13). Suppose -5*a + m*a = 36. Calculate the greatest common divisor of 54 and a.
18
Let g(j) = 37*j**2 + j. Let h be g(-1). Suppose -c + 1 = -8. Let x = c - 5. What is the highest common divisor of x and h?
4
Let b(z) = 7*z - 2 - 5*z + 11*z. Let y be b(-2). Let t = -27 - y. What is the greatest common factor of 11 and t?
1
Let p = -159 + 170. Calculate the greatest common divisor of 88 and p.
11
Let j be 2*(13/(13/(-42)))/(-4). Calculate the greatest common divisor of 168 and j.
21
Let x(j) = -j**3 - 10*j**2 + 9*j - 5. Let p be x(-11). Suppose p = o - 2*y, 4*o + 5*y - 18 = o. Calculate the greatest common factor of 11 and o.
11
Let x(m) = 150*m - 1. Let l be x(2). Calculate the greatest common factor of l and 13.
13
Let c(a) = -3*a**3 + 3*a**2 + a - 1. Let s be c(2). Let t = s - -13. Calculate the highest common divisor of 14 and t.
2
Suppose 159 - 2503 = -3*r - s, -4*s - 2354 = -3*r. What is the greatest common factor of 184 and r?
46
Suppose -2*h + 1309 = 5*h. What is the greatest common factor of h and 66?
11
Let q be (-65 - -6 - -4)*26/(-5). Suppose -q = -4*d + 330. Let z = -14 - -36. What is the greatest common divisor of d and z?
22
Let n(h) = -5*h**2 + 8*h + h**2 + 5*h**2. Let z be n(-7). Let c be (-1 - -3)*-1 - z. What is the greatest common factor of c and 35?
5
Suppose 0 = 5*l - 8*l + 30. Let n be 45/l*64/3. Calculate the highest common divisor of n and 64.
32
Suppose 0*i = 5*i + 5. Let a = i - 13. Let v be (-4)/a + (-366)/(-42). Calculate the highest common divisor of v and 9.
9
Suppose 1 = j + 3. Let o be (-1 - j)*(-9)/(-9). Let t be o - 1 - 144/(-1). What is the highest common factor of t and 16?
16
Let c be (-2)/((4/8)/(-1)). Let a be ((-2)/c)/(11/(-1034)). Suppose -s = -a - 3. Calculate the greatest common divisor of 25 and s.
25
Suppose -3*a = -5*p + 19, -a = 2*p - 5*a - 2. Let q be 3/(9/195 - 0). What is the greatest common divisor of p and q?
5
Suppose 0 = -2*o + 3*t + 15, 3*o = -0*o + 5*t + 24. Suppose -13*i = 8*i - 21. Calculate the greatest common factor of i and o.
1
Let d = 61 + -58. Suppose -78 = -2*w - 3*b, b + 241 = 5*w - d*b. Calculate the highest common divisor of 36 and w.
9
Suppose 0 = 20*x - 2631 - 4729. What is the greatest common divisor of 32 and x?
16
Suppose -2*s = -5*g + 710, 21*g - 5*s - 165 = 20*g. Calculate the highest common factor of g and 490.
70
Suppose 0 = -b - 2*v + 33 + 7, 3*b - 100 = -2*v. Suppose 0 = 4*u + u - b. What is the greatest common divisor of 2 and u?
2
Let s(q) = 3*q - 128. Let c be s(48). What is the highest common divisor of c and 3?
1
Let b = -1046 + 1490. Calculate the highest common factor of 12 and b.
12
Let s be (-5)/(-50)*4*450. Suppose -2*b = y - 0*y + 52, -b - 5*y - 35 = 0. Let g be (s/b)/((-6)/75). Calculate the greatest common factor of 10 and g.
10
Let s be (-9)/(675/(-1510)) + (-2)/15. Let h = 22 - 10. Calculate the greatest common factor of h and s.
4
Suppose -29*t + 34*t = 3455. Suppose -365 = -8*h + t. Suppose -2*g + 60 = 3*g. Calculate the highest common factor of h and g.
12
Let g be (10 - 38/4)*(-1 + 101). What is the highest common factor of g and 2?
2
Suppose 2*v - 60 = -116. Let t = v + 91. Calculate the greatest common factor of 84 and t.
21
Suppose 0 = -33*a - 151 + 1999. What is the highest common factor of 140 and a?
28
Suppose 4*u - 6 = 2. Suppose -3*t = 2*t. Suppose -j - 3*c + 4 - 5 = t, 5*j = 2*c + 12. What is the greatest common divisor of u and j?
2
Let w be 6/8 - (15/4 + -1). Let u be (-6545)/(-22) + w/4. Suppose -2*z - 3*y + 24 = -42, -4*z - 5*y = -128. What is the highest common factor of u and z?
27
Let d be (-1 - -5) + 66/2. Let l = 232 - 84. Calculate the highest common factor of d and l.
37
Suppose -27 = -5*j - 2*x, -5 = -6*x + x. Suppose w - 185 = -p, -182 = -p + w - j*w. Let n = p - 82. What is the highest common factor of n and 26?
26
Let y = 54 - 35. Suppose 2*n - 240 = -88. What is the greatest common factor of n and y?
19
Suppose -16*j + 7*j + 1287 = 0. What is the greatest common factor of 33 and j?
11
Suppose 0 = 2*w - a - 1659, 2*a - 1 + 7 = 0. What is the highest common factor of 69 and w?
69
Suppose -3*y - u = -216, 124 + 92 = 3*y - 4*u. Let g be (24/y)/(1/60). What is the greatest common divisor of g and 10?
10
Let k(f) = -6*f**3 - 20*f**2 - 41*f - 6. Let b be k(-3). What is the highest common divisor of 108 and b?
9
Let d = -23 - -29. Let q(m) = 1 + 5*m - 9*m + 2*m**2 + 2*m. Let a be q(1). What is the highest common factor of a and d?
1
Let h = -189 + 190. Calculate the greatest common factor of 25 and h.
1
Suppose 2*t - 18 + 0 = 0. Let p be (26 - 4) + t/(-3). Suppose 2*v - 5 = v, 5*a = -v + 195. Calculate the greatest common divisor of a and p.
19
Suppose -5*j + 672 = -2*j. Suppose -4*t - j = -2*q, -4*q + 2*t = -3*t - 442. Suppose 4*v = v + q. Calculate the greatest common divisor of 9 and v.
9
Suppose 3*x - 64 = -22. Let f = x - 18. Let z be 15/(-2 + (f - -7)). Calculate the greatest common factor of z and 60.
15
Let f be (16 + -1)/(1/1). Calculate the highest common divisor of f and 660.
15
Suppose -t + 172 = 5*j, 4*t - j - 546 = 142. What is the highest common factor of t and 8?
4
Suppose 0 = -7*p + 2*p + 330. Let d = p - 3. Calculate the highest common divisor of 9 and d.
9
Suppose -2*b - 2 = -3*b. Suppose 3*v + b*i - 102 = -v, -v + 2*i = -13. Let f be -3 + v + -3 + -3. What is the greatest common factor of 7 and f?
7
Suppose -12*j + 22*j + 500 = 0. Let p = j + 64. Let s = 23 - 2. What is the greatest common factor of p and s?
7
Suppose n = -5*k + 79, 2*k - 2*n = -6*n + 28. Let o = 6 + -4. Suppose -2*r = -3*g + 152, -2*g + 92 = -r + o*r. What is the greatest common divisor of k and g?
16
Let y(r) = 5*r + 120. Let i be y(-19). Calculate the greatest common divisor of i and 40.
5
Suppose 0 = 2*s - 116 + 4. Let o(m) = m**2 - 4*m - 7. Let l(t) = -2*t - 11. Let f be l(-9). Let i be o(f). Calculate the highest common divisor of i and s.
14
Let u(d) = d**2 + 2. Let x be u(-2). Let p = 107 + -104. Let n be (-2)/(-6) + 35/p. What is the greatest common divisor of x and n?
6
Let l(u) = -u**3 + 7*u**2 - 16*u + 42. Let w be l(5). What is the greatest common divisor of w and 20?
4
Let b be 5